2 a factor of 12556320?
True
Is 10 a factor of 190949?
False
Is 6 a factor of 6428205?
False
Is 494375 a multiple of 6?
False
Is 2139 a factor of 5164566?
False
Does 6 divide 59545?
False
Is 121326 a multiple of 438?
True
Is 24275456 a multiple of 652?
False
Is 5 a factor of 741011?
False
Does 90 divide 7478182?
False
Is 71 a factor of 130356?
True
Does 4 divide 826799?
False
Does 4 divide 5584078?
False
Is 184288 a multiple of 8?
True
Does 523 divide 360870?
True
Is 49535 a multiple of 4?
False
Does 711 divide 3436295?
False
Is 2 a factor of 749?
False
Is 135 a factor of 202265?
False
Does 25 divide 5019986?
False
Does 602 divide 124614?
True
Is 8 a factor of 55064?
True
Is 105327 a multiple of 9?
True
Does 319 divide 73723?
False
Is 835223 a multiple of 71?
False
Is 955970 a multiple of 431?
False
Does 18 divide 764802?
True
Is 74990 a multiple of 39?
False
Is 239508 a multiple of 12?
True
Does 6 divide 451218?
True
Does 11 divide 68978?
False
Is 10 a factor of 266472?
False
Is 35972 a multiple of 17?
True
Is 49117 a multiple of 17?
False
Is 1447244 a multiple of 104?
False
Is 9 a factor of 2491992?
True
Is 111 a factor of 134590?
False
Is 463536 a multiple of 48?
True
Is 137 a factor of 2914304?
False
Is 168 a factor of 254016?
True
Is 8417064 a multiple of 24?
True
Is 8691463 a multiple of 1161?
False
Is 951672 a multiple of 23?
False
Is 3894574 a multiple of 10?
False
Does 121 divide 203159?
True
Is 31467 a multiple of 17?
True
Is 17 a factor of 50796?
True
Does 39 divide 2379?
True
Is 162 a factor of 819072?
True
Is 100919 a multiple of 15?
False
Is 93 a factor of 7066956?
False
Is 7902218 a multiple of 457?
False
Is 26 a factor of 294226?
False
Is 112451 a multiple of 139?
True
Does 5 divide 12016?
False
Is 22 a factor of 1147196?
False
Is 6045 a multiple of 31?
True
Is 2182034 a multiple of 190?
False
Is 158 a factor of 243415?
False
Does 1701 divide 18261936?
True
Is 14 a factor of 1242844?
False
Is 1992 a factor of 1591608?
True
Is 14761703 a multiple of 8?
False
Does 293 divide 5501075?
True
Is 19 a factor of 698573?
True
Is 11 a factor of 12504515?
False
Does 27 divide 102222?
True
Is 829437 a multiple of 889?
True
Does 25 divide 3900?
True
Is 126877 a multiple of 157?
False
Does 181 divide 132311?
True
Is 342 a factor of 1123470?
True
Is 161 a factor of 4025?
True
Is 15 a factor of 88530?
True
Does 40 divide 140200?
True
Is 2324164 a multiple of 97?
False
Is 9209568 a multiple of 12?
True
Does 88 divide 114312?
True
Does 79 divide 1924203?
True
Is 30 a factor of 1744629?
False
Does 125 divide 3583500?
True
Is 77 a factor of 8277115?
True
Does 1112 divide 4426872?
True
Is 12 a factor of 74339?
False
Is 6 a factor of 3880266?
True
Is 236 a factor of 5416672?
True
Is 36999 a multiple of 4?
False
Is 1536221 a multiple of 1206?
False
Does 548 divide 53704?
True
Does 17 divide 872434?
False
Is 1760216 a multiple of 17?
False
Is 18909975 a multiple of 25?
True
Is 37888 a multiple of 7?
False
Does 45 divide 456345?
True
Does 62 divide 25110?
True
Is 1755 a factor of 3112631?
False
Does 44 divide 71316?
False
Is 79 a factor of 165735?
False
Is 269 a factor of 3049653?
True
Is 26 a factor of 224237?
False
Is 10 a factor of 845619?
False
Is 33 a factor of 6274653?
True
Is 229 a factor of 2946994?
False
Is 2633743 a multiple of 1499?
True
Is 15 a factor of 343500?
True
Is 17 a factor of 2234310?
True
Does 1069 divide 8166091?
True
Does 122 divide 2631296?
True
Is 99 a factor of 3907728?
True
Does 26 divide 244088?
True
Is 193 a factor of 301080?
True
Is 15 a factor of 4583948?
False
Is 381 a factor of 22098?
True
Is 52 a factor of 294580?
True
Does 530 divide 897406?
False
Does 60 divide 355500?
True
Is 33930 a multiple of 30?
True
Is 11 a factor of 353488?
False
Is 26670 a multiple of 30?
True
Is 8 a factor of 10728?
True
Is 4749020 a multiple of 20?
True
Is 358515 a multiple of 16?
False
Is 32 a factor of 631737?
False
Does 28 divide 138031?
False
Is 881293 a multiple of 3?
False
Is 171072 a multiple of 36?
True
Is 305 a factor of 26665?
False
Is 89651 a multiple of 47?
False
Is 10870972 a multiple of 9?
False
Is 185 a factor of 1084840?
True
Is 1236121 a multiple of 323?
True
Does 46 divide 891066?
True
Is 1016288 a multiple of 5?
False
Does 6 divide 1187820?
True
Is 625561 a multiple of 509?
True
Is 1185879 a multiple of 297?
False
Is 96 a factor of 7287360?
True
Is 405 a factor of 1952192?
False
Is 16 a factor of 9866304?
True
Is 2457747 a multiple of 39?
False
Is 4371071 a multiple of 17?
False
Is 1427525 a multiple of 101?
False
Is 140591 a multiple of 11?
True
Is 29 a factor of 7450860?
False
Is 13 a factor of 34967?
False
Does 11 divide 4788032?
False
Is 10 a factor of 676810?
True
Is 9 a factor of 2952?
True
Is 9 a factor of 82449?
True
Does 2 divide 287610?
True
Does 8 divide 13329064?
True
Does 2 divide 3553?
False
Is 1569160 a multiple of 40?
True
Is 16 a factor of 6002910?
False
Is 54 a factor of 387322?
False
Is 834 a factor of 782292?
True
Is 59661 a multiple of 9?
True
Is 85749 a multiple of 101?
True
Does 54 divide 17507826?
True
Is 1283310 a multiple of 147?
True
Does 9 divide 148585?
False
Does 47 divide 264187?
True
Is 11 a factor of 266838?
True
Is 556911 a multiple of 7?
False
Is 669590 a multiple of 65?
False
Is 94 a factor of 18962?
False
Is 129 a factor of 362103?
True
Does 37 divide 898201?
False
Does 115 divide 172845?
True
Does 15 divide 923807?
False
Is 35338 a multiple of 3?
False
Is 148967 a multiple of 12?
False
Is 47 a factor of 1264893?
False
Is 24 a factor of 24648?
True
Is 45 a factor of 923513?
False
Does 813 divide 3628419?
True
Does 549 divide 360198?
False
Is 39 a factor of 71409?
True
Is 11 a factor of 867731?
False
Is 10 a factor of 2118120?
True
Does 2 divide 19381?
False
Does 360 divide 1287436?
False
Is 684 a factor of 722092?
False
Is 114 a factor of 770361?
False
Is 99 a factor of 129195?
True
Is 334841 a multiple of 294?
False
Is 343455 a multiple of 15?
True
Is 94 a factor of 1918766?
False
Is 11410091 a multiple of 31?
False
Does 21 divide 1106154?
True
Is 390496 a multiple of 26?
False
Does 14 divide 26509?
False
Is 115 a factor of 141494?
False
Does 32 divide 132029?
False
Is 315786 a multiple of 167?
False
Does 125 divide 180125?
True
Does 315 divide 384615?
True
Is 1233712 a multiple of 32?
False
Does 5 divide 3899306?
False
Is 91399 a multiple of 7?
True
Is 146 a factor of 459754?
True
Is 43 a factor of 355777?
False
Does 6 divide 22062?
True
Does 244 divide 123239?
False
Is 691482 a multiple of 19?
False
Is 1299 a factor of 4077561?
True
Does 7 divide 3980151?
True
Is 241844 a multiple of 2?
True
Is 563598 a multiple of 639?
True
Is 57984 a multiple of 3?
True
Is 715237 a multiple of 13?
False
Is 18 a factor of 137484?
True
Is 693649 a multiple of 5?
False
Does 94 divide 11750?
True
Is 128 a factor of 124005?
False
Is 17 a factor of 927809?
True
Does 441 divide 5578772?
False
Is 125 a factor of 1013253?
False
Is 378585 a multiple of 537?
True
Is 5 a factor of 64779?
False
Is 169318 a multiple of 5?
False
Is 1003805 a multiple of 55?
True
Is 65 a factor of 2226063?
False
Is 860931 a multiple of 546?
False
Is 164 a factor of 4876214?
False
Is 622 a factor of 54114?
True
Is 8001 a multiple of 108?
False
Does 484 divide 1312124?
True
Does 19 divide 8044322?
False
Is 101 a factor of 560853?
True
Is 64 a factor of 7076839?
False
Is 9 a factor of 132777?
True
Is 881136 a multiple of 9?
True
Does 244 divide 266692?
True
Does 108 divide 505764?
True
Is 26 a factor of 44850?
True
Does 123 divide 18925?
False
Does 566 divide 4058059?
False
Is 21 a factor of 982233?
True
Is 1051744 a multiple of 46?
True
Is 99 a factor of 2250985?
False
Is 475592 a multiple of 30?
False
Does 10 divide 125689?
False
Does 7 divide 1364697?
False
Is 83149 a multiple of 118?
False
Does 42 divide 7014?
True
Is 233575 a multiple of 201?
False
Is 672996 a multiple of 12?
True
Is 253 a factor of 194834?
False
Is 2270144 a multiple of 64?
True
Does 155 divide 53382?
False
Is 28 a factor of 1467396?
True
Does 939 divide 2533916?
False
Does 354 divide 17808?
False
Does 528 divide 378576?
True
Is 38 a factor of 84208?
True
Is 5253875 a multiple of 1375?
True
Is 53 a factor of 284548?
False
Does 4 divide 388442?
False
Is 5